{"id":685,"date":"2023-10-20T18:10:02","date_gmt":"2023-10-20T23:10:02","guid":{"rendered":"https:\/\/fotitos.click\/?post_type=product&#038;p=685"},"modified":"2023-11-02T19:07:18","modified_gmt":"2023-11-03T00:07:18","slug":"cuadros-personalizado-doble-a","status":"publish","type":"product","link":"https:\/\/fotitos.click\/index.php\/producto\/cuadros-personalizado-doble-a\/","title":{"rendered":"Cuadros personalizado doble A"},"content":{"rendered":"<div class=\"flex-1 overflow-hidden\">\n<div class=\"react-scroll-to-bottom--css-ltmky-79elbk h-full dark:bg-gray-800\">\n<div class=\"react-scroll-to-bottom--css-ltmky-1n7m0yu\">\n<div class=\"flex flex-col text-sm dark:bg-gray-800\">\n<div class=\"group final-completion w-full text-token-text-primary border-b border-black\/10 gizmo:border-0 dark:border-gray-900\/50 gizmo:dark:border-0 bg-gray-50 gizmo:bg-transparent dark:bg-[#444654] gizmo:dark:bg-transparent\" data-testid=\"conversation-turn-122\">\n<div class=\"p-4 justify-center text-base md:gap-6 md:py-6 m-auto\">\n<div class=\"flex flex-1 gap-4 text-base mx-auto md:gap-6 gizmo:gap-3 gizmo:md:px-5 gizmo:lg:px-1 gizmo:xl:px-5 md:max-w-2xl lg:max-w-[38rem] gizmo:md:max-w-3xl gizmo:lg:max-w-[40rem] gizmo:xl:max-w-[48rem] xl:max-w-3xl }\">\n<div class=\"relative flex w-[calc(100%-50px)] flex-col gizmo:w-full lg:w-[calc(100%-115px)] agent-turn\">\n<div class=\"flex-col gap-1 md:gap-3\">\n<div class=\"flex flex-grow flex-col gap-3 max-w-full\">\n<div class=\"min-h-[20px] flex flex-col items-start gap-3 whitespace-pre-wrap break-words overflow-x-auto\">\n<div class=\"markdown prose w-full break-words dark:prose-invert light\">\n<p>Cuadro personalizado con la foto de su preferencia. Impresa en papel fotogr\u00e1fico de alta calidad, vidrio, tapa mdf y listo para colgar.<\/p>\n<p>La Fotograf\u00eda seleccionada se imprime con una calidad excepcional, capturando cada detalle y matiz del color, el cuadro realza tu fotograf\u00eda preferida.<\/p>\n<p>Este cuadro doble personalizado se convierte en un tesoro sentimental, mostrando tus momentos m\u00e1s queridos de una manera \u00fanica y encantadora. Ya sea una foto de familia, un viaje especial o un retrato, <strong>el cuadro doble con foto personalizada se convierte en una pieza central en cualquier espacio, llenando el ambiente con amor, recuerdos y belleza<\/strong>.<\/p>\n<\/div>\n<p>&nbsp;<\/p>\n<p><strong>Pasos para Personalizar tu Cuadro:<\/strong><\/p>\n<ol>\n<li><strong>Selecciona tu Foto:<\/strong> Elige la foto o fotos que deseas en el cuadro doble personalizado. Puede ser una imagen de un momento especial, un retrato familiar o cualquier otra fotograf\u00eda significativa. Puedes agregar los datos que ir\u00e1n en el cuadro.<\/li>\n<li><strong>Escoge el Tama\u00f1o y Color:<\/strong> Selecciona el color que m\u00e1s le guste.<\/li>\n<li><strong>Revisi\u00f3n y Aprobaci\u00f3n:<\/strong> Antes de la impresi\u00f3n final, te mostraremos una vista previa para que revises y confirmes que el dise\u00f1o es exactamente como lo deseas.<\/li>\n<\/ol>\n<p><strong>Proceso de Env\u00edo:<\/strong><\/p>\n<p>Una vez aprobado el dise\u00f1o, nos encargamos del resto:<\/p>\n<ol>\n<li><strong>Producci\u00f3n:<\/strong> Nuestro equipo se pone manos a la obra para imprimir y ensamblar tu cuadro con la foto enviada.<\/li>\n<li><strong>Env\u00edo R\u00e1pido y Seguro:<\/strong> Utilizamos servicios de env\u00edo confiables para garantizar que tu cuadro personalizado llegue a tiempo y en perfecto estado.<\/li>\n<li><strong>Seguimiento del Pedido:<\/strong> Te proporcionamos un n\u00famero de seguimiento para que puedas rastrear tu pedido y saber exactamente cu\u00e1ndo llegar\u00e1 a tu puerta.<\/li>\n<\/ol>\n<p>Estamos comprometidos a ofrecerte una experiencia de dise\u00f1o y env\u00edo sin complicaciones, asegurando que tu cuadro personalizado sea una obra de arte que atesores para siempre.<\/p>\n<\/div>\n<\/div>\n<\/div>\n<\/div>\n<\/div>\n<\/div>\n<\/div>\n<\/div>\n<\/div>\n<\/div>\n<\/div>\n","protected":false},"excerpt":{"rendered":"<p><span style=\"color: #f09000;\"><strong>Cuadro personalizado con la foto de su preferencia. fotograf\u00eda impresa en papel fotogr\u00e1fico de 30x45cm de alta calidad, vidrio, tapa mdf y listo para colgar (Gancho).<\/strong><\/span><\/p>\n<p><strong>Cuadro\u00a0 30cmx45cm ideal para regalos. \u00a1Personaliza tu cuadro con la foto de su preferencia!&#8221;<\/strong><\/p>\n<p>En <strong>modelo personalizado<\/strong> enviar el dise\u00f1o referencia y las fotos para realizar el dise\u00f1o y enmarca con el color de su preferencia.<\/p>\n<p>&nbsp;<\/p>\n","protected":false},"featured_media":691,"template":"","meta":[],"product_cat":[15,29,32,35,30,31],"product_tag":[52,55,56,54,53,49,48,50],"featured_image_urls":{"full":["https:\/\/fotitos.click\/wp-content\/uploads\/2023\/10\/cuadros-personalizados-s.png",3712,3712,false],"thumbnail":["https:\/\/fotitos.click\/wp-content\/uploads\/2023\/10\/cuadros-personalizados-s-150x150.png",150,150,true],"medium":["https:\/\/fotitos.click\/wp-content\/uploads\/2023\/10\/cuadros-personalizados-s-300x300.png",300,300,true],"medium_large":["https:\/\/fotitos.click\/wp-content\/uploads\/2023\/10\/cuadros-personalizados-s-768x768.png",768,768,true],"large":["https:\/\/fotitos.click\/wp-content\/uploads\/2023\/10\/cuadros-personalizados-s-1024x1024.png",1024,1024,true],"1536x1536":["https:\/\/fotitos.click\/wp-content\/uploads\/2023\/10\/cuadros-personalizados-s-1536x1536.png",1536,1536,true],"2048x2048":["https:\/\/fotitos.click\/wp-content\/uploads\/2023\/10\/cuadros-personalizados-s-2048x2048.png",2048,2048,true],"woocommerce_thumbnail":["https:\/\/fotitos.click\/wp-content\/uploads\/2023\/10\/cuadros-personalizados-s-300x300.png",300,300,true],"woocommerce_single":["https:\/\/fotitos.click\/wp-content\/uploads\/2023\/10\/cuadros-personalizados-s-600x600.png",600,600,true],"woocommerce_gallery_thumbnail":["https:\/\/fotitos.click\/wp-content\/uploads\/2023\/10\/cuadros-personalizados-s-100x100.png",100,100,true]},"post_excerpt_stackable":"<p><span style=\"color: #f09000;\"><strong>Cuadro personalizado con la foto de su preferencia. fotograf\u00eda impresa en papel fotogr\u00e1fico de 30x45cm de alta calidad, vidrio, tapa mdf y listo para colgar (Gancho).<\/strong><\/span><\/p>\n<p><strong>Cuadro\u00a0 30cmx45cm ideal para regalos. \u00a1Personaliza tu cuadro con la foto de su preferencia!&#8221;<\/strong><\/p>\n<p>En <strong>modelo personalizado<\/strong> enviar el dise\u00f1o referencia y las fotos para realizar el dise\u00f1o y enmarca con el color de su preferencia.<\/p>\n<p>&nbsp;<\/p>\n","category_list":"","author_info":{"name":"","url":""},"comments_num":"0 comentarios","_links":{"self":[{"href":"https:\/\/fotitos.click\/index.php\/wp-json\/wp\/v2\/product\/685"}],"collection":[{"href":"https:\/\/fotitos.click\/index.php\/wp-json\/wp\/v2\/product"}],"about":[{"href":"https:\/\/fotitos.click\/index.php\/wp-json\/wp\/v2\/types\/product"}],"wp:featuredmedia":[{"embeddable":true,"href":"https:\/\/fotitos.click\/index.php\/wp-json\/wp\/v2\/media\/691"}],"wp:attachment":[{"href":"https:\/\/fotitos.click\/index.php\/wp-json\/wp\/v2\/media?parent=685"}],"wp:term":[{"taxonomy":"product_cat","embeddable":true,"href":"https:\/\/fotitos.click\/index.php\/wp-json\/wp\/v2\/product_cat?post=685"},{"taxonomy":"product_tag","embeddable":true,"href":"https:\/\/fotitos.click\/index.php\/wp-json\/wp\/v2\/product_tag?post=685"}],"curies":[{"name":"wp","href":"https:\/\/api.w.org\/{rel}","templated":true}]}}